remainder when d is divided by 52?
50
Let g(y) = -13*y + 2. Let t be g(-3). Let r = -22 + t. Let n = 38 - r. Calculate the remainder when n is divided by 11.
8
Suppose 4*b = t + 4*t + 33, 4*b = t + 13. Suppose w - u - 2 = 2, b*w - 43 = -5*u. Let z = -19 - -52. Calculate the remainder when z is divided by w.
6
Suppose 462*z = 471*z - 126. Calculate the remainder when 41 is divided by z.
13
Let b be (-22)/(-5) - (-6)/(-15). Suppose -2*k + 110 = -4*p, b*k = 3*p + 258 - 23. Let j(f) = 2*f**2 - 3*f - 4. What is the remainder when k is divided by j(4)?
13
Suppose 9*x = -52 + 493. What is the remainder when x is divided by 13?
10
Let r(k) = k**2 + 11*k + 31. Suppose 4*u - 12 = 0, -29 = 2*z - 4*z - u. What is the remainder when r(-11) is divided by z?
5
Suppose 0 = -5*s - 2*w + 5*w + 3, -w - 11 = -5*s. Suppose 0*n + n = -4*m + 40, 0 = -n. Let l = -2 + m. Calculate the remainder when l is divided by s.
2
Suppose t - 2*t - 1 = 0. Calculate the remainder when (0 - t) + 65 + -12 is divided by 14.
12
Let u be 6/(4/((-64)/(-12))). Let c be (u/(-16))/(2/48). What is the remainder when 2 + 4 + c/(-1) is divided by 7?
4
Let g(m) = -7*m + 268. Calculate the remainder when 331 is divided by g(36).
11
Let s(g) = 11*g**2 + 2*g - 2. Calculate the remainder when 153 is divided by s(1).
10
Let s = -375 + 385. Calculate the remainder when 29 is divided by s.
9
Let w(k) = k**2 - k. Let t be w(5). Suppose -2*o - 3*o + t = 0. Suppose -2*y = -o*y + 142. What is the remainder when y is divided by 18?
17
Suppose a - 552 = 3*a. Let d be (-50)/15*a/10. Suppose -4*g + 216 = -d. What is the remainder when g is divided by 20?
17
Suppose h = y + 9, -3*y - 5*h + 0*h - 35 = 0. Let d = 10 + y. Suppose -294 = -3*n + 5*j, 0*j - 2*j + 6 = d. Calculate the remainder when n is divided by 26.
25
Suppose 5*c + 12 = 8*c. What is the remainder when c/(-7) + (-3152)/(-28) is divided by 29?
25
Suppose -5*c - 9 = -8*c. Suppose a - j - 6 = 0, a = j + c*j + 12. What is the remainder when 10 is divided by a?
2
Suppose -c = -2*x, -c + 24 = 4*c + 2*x. Suppose 3*m + c*m - 224 = 0. Calculate the remainder when 109 is divided by m.
13
Let g be (-25536)/(-209) - (-3)/(66/(-4)). Let z = g - 96. Calculate the remainder when z is divided by 23.
3
Let c(g) = 10*g**2 + 4*g - 1. Let a = 25 + 1. Calculate the remainder when c(3) is divided by a.
23
Let k(d) = d**2 - 4*d + 4. Let i be (-3 - 9/(-3)) + 0. Suppose -3*m + 4*m + 3*p = i, -m = -2*p - 10. Calculate the remainder when k(6) is divided by m.
4
Let a = -515 - -1132. What is the remainder when a is divided by 76?
9
Suppose -2*c + 630 = c. Let v = 1009 + -956. What is the remainder when c is divided by v?
51
Let i = 33 + 34. Let m = -25 + 9. Let r = m + 33. Calculate the remainder when i is divided by r.
16
Suppose 0 = -48*n + 351 + 369. Suppose 4*c - 3*c = 3*i + 32, -4*i = 8. What is the remainder when c is divided by n?
11
Let u(j) = -8*j + 20. Let r be u(-5). Suppose 0 = 2*y + 8, 2*y - r = b - 5*b. What is the remainder when 67 is divided by b?
16
Let o = 31 - 29. Suppose 5*t + 4*h - 19 = 0, -16 = -o*t - 2*t - 4*h. What is the remainder when 6 is divided by t?
0
Let a = 37 - 33. Let b(j) = j - 19. Let y be b(14). Let c = 15 + y. Calculate the remainder when c is divided by a.
2
Let v = 931 - 909. What is the remainder when 217 is divided by v?
19
Suppose -3 = -6*m - 27. What is the remainder when 139 is divided by m/(-2)*(-141)/(-6)?
45
Suppose 0 = -2*a - 2*z + 10, 4*a - 2*z = -7*z + 19. Suppose 71 = i - 2*i. Let w = a - i. Calculate the remainder when w is divided by 20.
17
Suppose -8 = -4*r, 14*p - 107 = 9*p + 4*r. Suppose 114 = 4*g - 3*g. What is the remainder when g is divided by p?
22
Let r(a) = -a**2 + 67*a - 159. What is the remainder when 558 is divided by r(64)?
30
Let f(s) = -s**2 - 14*s - 14. Let u be f(-13). Let v(w) = 56*w**2 - w. What is the remainder when v(-1) is divided by (36 - 4) + -2 + u?
28
Suppose -11 = -4*o - 3. Suppose 7*d = o*d. Suppose -72 = -d*p - p. Calculate the remainder when p is divided by 25.
22
What is the remainder when 3 + (-21)/6 - 4195/(-10) is divided by 14?
13
Let q(s) = 4*s - 66. Let y be (-1 - (-1 + -7)) + 0. What is the remainder when y/(-3 + 74/24) is divided by q(22)?
18
Suppose -691 - 758 = -7*n. What is the remainder when n is divided by 72?
63
Suppose -5*x + 133 = -197. Suppose -6*b + 36 = -x. Calculate the remainder when b is divided by 10.
7
Let u(m) = m**3 - 12*m**2 + 20*m + 17. Suppose 0 = f + 4*z - 37 - 36, -3*f + 187 = -4*z. What is the remainder when f is divided by u(10)?
14
Suppose 36 = 4*y - 4*h, -3*y = -2*h - 29 + 7. Calculate the remainder when (-11)/(-1) - (-3 + 2) is divided by -3 - (y + 56/(-4)).
5
Calculate the remainder when (110/25)/((-12)/(-30)) is divided by 1.
0
Calculate the remainder when 324 is divided by 9/18 + 2/((-8)/(-246)).
14
Let q be (-60)/(-32) + 1/8. Calculate the remainder when 37 is divided by -3 + q - (-15 - -1).
11
Suppose 11*b + 6*b - 272 = 0. Suppose -2*o + 80 = -0*o. Calculate the remainder when o is divided by b.
8
Suppose -5*z = -4*g - 0*g + 61, 0 = -5*z + 15. Suppose -1950 = -g*v + 1242. What is the remainder when v is divided by 34?
32
Let l(d) = -37*d + 5. Let j be l(2). What is the remainder when j/((42/4)/(-7)) is divided by 8?
6
Suppose -5*c + 2 = -108. Let t = 1672 + -1633. Calculate the remainder when t is divided by c.
17
Let y(o) = o**2 - 64*o + 633. Let b = 9 + -6. What is the remainder when y(11) is divided by b?
2
Let s = 21 - 11. Let o(p) be the second derivative of p**4/4 - 8*p**3/3 + 6*p**2 + 3*p - 2. Calculate the remainder when s is divided by o(5).
3
Let m be -2 + -4*(-14 + 1). Suppose n - 6*n = -m. What is the remainder when 29 is divided by n?
9
Let k be (10/(-15))/(2/(-33)). Suppose -2*c - k = -3*c. Calculate the remainder when c is divided by ((-14)/(-5))/(6/15).
4
Suppose 0 = n + r - 23, -2*r = -3*n + 2*n + 23. Calculate the remainder when (-1)/(-2)*(-34 + 35) + 722/4 is divided by n.
20
Suppose 0 = -2*g - 31*g + 7590. What is the remainder when g is divided by 24?
14
Let d be 4 - 2*(-2 + 5). Let r(k) = -k**3 + 5*k + 7. What is the remainder when r(d) is divided by 3?
2
Let g = -159 - -196. Calculate the remainder when 116 is divided by g.
5
Let c(v) = v**3 - 5*v**2 - 3*v + 2. Let n be c(4). Let m(k) = -k**2 + 2*k - 1. Let b be m(1). What is the remainder when b + (2 - 4) - n is divided by 9?
6
Suppose 15*d + 410 = -2*d + 2263. Let j(a) = a**3 + 4*a**2 - 3*a + 2. What is the remainder when d is divided by j(-4)?
11
Suppose -2*h + 670 = 3*h. Let l = 78 - 123. Calculate the remainder when h is divided by 38 + -1 - l/(-15).
32
Let s(h) = -h**3 + 11*h**2 - 30*h - 7. Let f be s(6). Calculate the remainder when 54 is divided by 196/(-8)*4/f.
12
Suppose 6*z + 14 = 62. What is the remainder when 78 is divided by z?
6
Let a(q) = -q**3 + 16*q**2 - 14*q - 10. Let j be a(15). Suppose -n = 4*t - 119, -170 = -j*t - 3*n - 23. What is the remainder when 57 is divided by t?
27
Suppose 4*c = -o + 2*o + 284, -3*o + 284 = 4*c. What is the remainder when c is divided by -1 - 1/(-4) - 195/(-20)?
8
Let s = -7 + 23. Let p be (-3 + 11)*-3*(-1)/4. What is the remainder when ((-54)/6)/(p/(-20)) is divided by s?
14
Suppose 11 = -17*r + 18*r. Suppose r*u - 6*u - 100 = 4*d, 0 = 3*u - d - 53. Calculate the remainder when 0/((-1)/(-1)) - -79 is divided by u.
15
Let f(k) = -6*k**3 - 5*k**2 - 2*k + 9. Calculate the remainder when 198 is divided by f(-2).
34
Let m = -21 + 79. Suppose a - 52 = 4*j + 5, a = 3*j + m. What is the remainder when 177 is divided by a?
55
Let s(g) be the first derivative of -4*g**2 - 19*g - 15. What is the remainder when s(-6) is divided by 11?
7
Let w = 174 - 95. Suppose 8*r - 36 = 36. Calculate the remainder when w is divided by r.
7
Let h = 94 + 16. What is the remainder when h is divided by 28?
26
What is the remainder when 21 is divided by (55/(-20))/(22/8 + -3)?
10
Suppose -6*f + 64 = -2*f. What is the remainder when 24*(-203)/(-21) + -11 is divided by f?
13
Let x be 2*(4/(-1) + 16). Suppose -5*g = -6*g + x. What is the remainder when g is divided by 9?
6
Suppose -2*y + 81 = 5*t, -29 = -5*t + 3*y + 37. Suppose -3*o + 13 + 14 = 0. What is the remainder when (-6)/t + (-244)/(-10) is divided by o?
6
Let y(j) = 14*j**2 - 3*j + 8. Let g(x) = -5*